eatest common factor of z and 1472.
46
Suppose 96 = 4*f - 2*l, 4*f + f = 3*l + 122. Let k be (-1 - 26/(-14))/(f/462). What is the greatest common factor of 90 and k?
18
Let x(n) = n**2 - 5*n - 16. Let m be x(7). Let k(u) = -u**3 - u**2 + 2*u + 3. Let f be k(m). What is the greatest common divisor of f and 3?
3
Let k(t) = t**2 + 38*t - 4. Let f be k(-39). What is the highest common factor of f and 5?
5
Let r = 467 + -448. What is the greatest common factor of r and 513?
19
Let q(z) = -z**3 - 9*z**2 - 10*z - 7. Let l be q(-8). Let s be (l/(-6))/(3/184). Let m = 156 + s. Calculate the greatest common divisor of m and 8.
8
Let h(j) = -97*j - 6. Let g be h(3). Let b be -4 - (-2)/((-6)/g). Let u be 18 - 2*2/(-4). What is the greatest common divisor of u and b?
19
Let g(l) = l**3 - 2*l**2 + 3*l - 1. Suppose 0 = 2*f + 2 - 6. Let v be g(f). Suppose 58 - 8 = v*j. Calculate the highest common divisor of 30 and j.
10
Let s be 10/(-6)*-3 + -1. Let o(m) = 2*m**2 - 2*m. Let l be o(s). Suppose -5*j + l + 16 = 0. What is the highest common factor of j and 32?
8
Let c be ((-500)/7)/((-138)/483). What is the greatest common factor of c and 875?
125
Let z = 9 + -1. Let s = 27 - 22. Suppose 0 = -s*r - 4*f + 188, 2*f - 65 = -2*r - 3*f. What is the greatest common factor of z and r?
8
Let o(k) = -k**2 - 5*k + 3. Let b = 18 - 23. Let c be o(b). Suppose -c*v = v - 48. Calculate the greatest common divisor of 48 and v.
12
Let f be 3 + -2 + 1 + 8. Suppose 208*h - 263*h + 110 = 0. What is the highest common factor of h and f?
2
Let a(u) = 2*u**2 + 18*u + 1. Let h be a(-11). What is the highest common divisor of 5 and h?
5
Let s(v) = -v**2 - 56*v - 336. Let m be s(-7). Let u = -3 + 5. Suppose u*i = 5*h + 16 + 59, i - 39 = 4*h. What is the highest common factor of m and i?
7
Suppose -4*a + t = -8543, 26*t = a + 27*t - 2137. What is the highest common divisor of a and 89?
89
Suppose 0 = -6*j + 14*j - 984. Let i = j + -104. What is the highest common divisor of 76 and i?
19
Let f(r) = -r**3 + 7*r**2 + 5*r - 33. Let x be f(7). What is the highest common factor of 326 and x?
2
Let n be (4/((-24)/(-9)))/((-14)/(-28)). What is the greatest common factor of n and 2?
1
Let f be 6 + -6 - (-88 + 0/(-2)). Suppose 4*q - 25 = 7. Calculate the highest common divisor of f and q.
8
Suppose 0 = -0*c - 3*c + 54. Suppose 8*a + 52 = 34*a. What is the greatest common factor of c and a?
2
Suppose 0 = 3*z - 2 - 4. Suppose x - z*x = -4. Suppose x*u - 130 = 62. Calculate the highest common divisor of u and 16.
16
Let d be 30/(8 - (-129)/(-18)). Calculate the greatest common divisor of 1350 and d.
18
Suppose 10*m = 5*m. Suppose m = 4*v - v - 12. Suppose 3*x = -6, -v*x - 40 - 28 = -5*w. Calculate the highest common divisor of w and 96.
12
Suppose 4*s - 3*f = -288, -5*s + 4*f - 236 = 124. Let m be 3/2 + s/(-48). Calculate the greatest common factor of m and 18.
3
Suppose 0 = -5*z + 111 + 34. Let x(s) = -20*s**2 + 2*s - 1. Let w be x(1). Let y = w + 48. Calculate the greatest common factor of z and y.
29
Suppose -z + 5 = -10. Let r = z + -17. Let o be ((-40)/(-12) + r)*12. What is the highest common factor of o and 16?
16
Let t(u) = -55*u + 1. Let c be t(-1). Let k be -26*((-2 - -2) + 3/(-3)). Let d = k - 12. Calculate the greatest common divisor of c and d.
14
Suppose 0 = -3*i + 5*i - 10. Let h be -3 + (-2)/(4/(-46)). Calculate the highest common divisor of h and i.
5
Let i = 19 + -17. Let o(q) = -1 - 3*q - 36*q**3 - q**2 + i*q + q - q. Let y be o(-1). What is the greatest common factor of 7 and y?
7
Suppose 2*y - 12*y - 350 = 0. Let b be 92/2 - (y/7 + 6). Calculate the greatest common divisor of b and 10.
5
Suppose -44*z + 400 = -36*z. Calculate the greatest common divisor of z and 8.
2
Let f be (-1 + 1)/(11 - 8). Let t = f + 8. What is the highest common factor of 24 and t?
8
Let s be (20/8)/((-60)/(-72)). What is the highest common divisor of 33 and s?
3
Let n be (26/(-52))/(2/(-112)). What is the greatest common divisor of n and 35?
7
Suppose 4 = -7*p + 32. Suppose -101 = -5*d + p*a, 5*d - 5*a = d + 79. Let y be (0 + 2/1)*7. What is the greatest common divisor of y and d?
7
Let r be -14*(0 - 259/14). What is the greatest common factor of 74 and r?
37
Let m(q) = q**3 + 8*q**2 + 11*q + 12. Let o be m(-6). Let f = o + -16. Calculate the highest common factor of f and 8.
2
Let u be (0 + 6)*(-8)/(-16) + 893. What is the highest common factor of 28 and u?
28
Suppose 0 = -2*y - 2*y + 760. Suppose 2*t = -4*b + 60, -58*t + 3*b = -53*t - 202. Calculate the greatest common factor of y and t.
38
Let v be (-9)/(9/3) - 803/(-11). What is the highest common divisor of 21 and v?
7
Suppose 84*l - 164 = 80*l. Suppose l*s = 37*s + 40. Calculate the greatest common divisor of 4 and s.
2
Suppose -3*m + 3 = 0, -4*m + 5 = -5*r + 451. Let v(g) = g**3 + 6*g**2 + 2*g + 3. Let p be v(-5). Calculate the greatest common factor of r and p.
18
Suppose 11*b - 1127 - 721 = 0. What is the highest common divisor of b and 42?
42
Suppose 9*n - 4*n + 3*g + 48 = 0, n - g + 8 = 0. Let i(o) = -2*o + 7. Let x be i(n). What is the highest common factor of x and 10?
5
Suppose 4*p = 3*p + 5*h + 89, 2*p = -4*h + 108. What is the highest common factor of p and 288?
32
Suppose 101*l = 3131 + 202. What is the greatest common divisor of 187 and l?
11
Let z = -37 + 119. Calculate the highest common factor of 205 and z.
41
Suppose -5*r = -4*r + 2*r. Suppose r = -v - v + 196. Suppose 5*z - 2*z = 42. Calculate the highest common factor of v and z.
14
Let k be ((-10)/(-4))/(2/12). Suppose 2*b - 74 = -4*x, 22*x - 3*b = 18*x + 89. Calculate the greatest common divisor of k and x.
5
Let f be (96/(-80))/(2 - (-24)/(-10)). Calculate the highest common factor of f and 25.
1
Let c be -3 + 3 + (-3 + 4 - 11). Let r be (-3)/(c/(-32) - (-2)/(-6)). Calculate the highest common factor of r and 18.
18
Let o be (6*-2)/((-1)/2). Let n(x) = 47*x**2 + 511*x - 2. Let b be n(-11). Calculate the highest common divisor of b and o.
8
Let v(b) = b**3 - 5*b**2 - 5*b + 3. Let i be v(6). Let p(f) = f**2 - 2*f - 8. Let g be p(7). Calculate the highest common factor of g and i.
9
Let b = 308 - 281. What is the highest common factor of 1107 and b?
27
Suppose 0 = 2*w - 3*h + 6*h - 19, -9 = -w - h. Calculate the highest common factor of w and 296.
8
Let h be 1 + 0 - (-2)/(-1). Let x be ((h - -3)/(-2))/(-1). Let g be ((-10)/15)/(1/(15/(-2))). Calculate the highest common divisor of x and g.
1
Let i(v) = -2*v + 3. Let w = 5 - 3. Let c be i(w). Let r = 8 - c. What is the highest common divisor of r and 36?
9
Suppose -126*i - 180 = -131*i. What is the greatest common factor of 36 and i?
36
Let s = 171 - 141. What is the highest common divisor of s and 150?
30
Suppose -45*g - 18*g = -11088. Let m(o) = o**3 - 3*o**2 + o - 1. Let z be m(3). Let u be 24 - (-1 - (-6)/z). What is the highest common factor of u and g?
22
Suppose -2*x = -3*x + 23. Let b(f) = f**3 - 5*f**2 + 17*f - 10. Let u be b(7). Calculate the highest common divisor of u and x.
23
Suppose n = -174 + 867. Suppose 4*w - w - n = 0. Calculate the highest common factor of 21 and w.
21
Let c(s) be the second derivative of s**4/6 + s**2/2 + 5*s. Let x be c(2). Let k be 5 - (-2 - -1)*-4. What is the greatest common factor of k and x?
1
Suppose -l + 32 = 3*l. Suppose 0 = -2*x + 4, -3*t = -0*t + 5*x - 1693. Let w be t/34*16/3. What is the greatest common divisor of l and w?
8
Let x = 284 + -248. What is the highest common factor of x and 72?
36
Let t(f) = 2*f**2 - 15*f - 6. Let a be t(8). Suppose -4*k - 29 = -4*g - k, a*g = 3*k + 13. What is the highest common divisor of 12 and g?
4
Let z be 144 + 1*1/(-1). Let q be 524/16 - 2/(-8). Let v = -20 + q. What is the greatest common factor of z and v?
13
Let q(h) = -h**3 - 12*h**2 + 27*h + 30. Let j be q(-14). What is the highest common divisor of 44 and j?
44
Let u be 4 - (-4 + 5 + 39). Let v be (u/(-18))/(4/22). Calculate the greatest common factor of 33 and v.
11
Let z be 6/(-14) + 243/(-21). Let f be (81/z - -3)*-8. Suppose 0 = 3*a - a - 4*t - f, 37 = 3*a + 2*t. What is the highest common factor of 130 and a?
13
Let w = 5 + -2. Let i be w - (-1 + -2 + 13). Let z be (-1230)/(-14) - 1/i. What is the greatest common factor of 11 and z?
11
Suppose 2*g = 4*p + 26, -8*p + 4*p - g = 41. 